250?
True
Does 2422 divide 86814671?
False
Does 1882 divide 180869598?
False
Is 54302064 a multiple of 1434?
False
Is 589 a factor of 204743633?
False
Is 1071 a factor of 12288073?
False
Does 5 divide 1653365?
True
Is 259 a factor of 199696770?
True
Does 7203 divide 3764893227?
False
Does 581 divide 45470803?
True
Does 595 divide 1629989766?
False
Is 28854153 a multiple of 102?
False
Is 203 a factor of 189610120?
True
Is 6765248 a multiple of 28?
True
Is 10 a factor of 309502780?
True
Is 9 a factor of 615478833?
True
Is 332732155 a multiple of 599?
False
Is 7 a factor of 8655107?
False
Is 44 a factor of 20967963?
False
Is 229456 a multiple of 8?
True
Is 328 a factor of 862449760?
True
Does 288 divide 157739184?
False
Is 1827186 a multiple of 29?
False
Does 1159 divide 4077567143?
True
Does 12 divide 135597600?
True
Is 22638258 a multiple of 54?
True
Is 1214982691 a multiple of 1324?
False
Is 1100 a factor of 155637241?
False
Does 31 divide 76040303?
True
Is 419772000 a multiple of 480?
True
Is 3400954668 a multiple of 18?
True
Is 191 a factor of 131262597?
False
Does 3 divide 6602928?
True
Is 39 a factor of 28111707?
True
Does 12 divide 430602138?
False
Is 35233020 a multiple of 767?
False
Is 36 a factor of 78138833?
False
Is 915 a factor of 344858010?
True
Does 818 divide 17056936?
True
Is 29529151 a multiple of 257?
False
Does 2004 divide 594538704?
True
Is 58 a factor of 102938127?
False
Does 8 divide 64781456?
True
Does 25 divide 52225504?
False
Is 21201492 a multiple of 95?
False
Is 542649465 a multiple of 137?
True
Is 565700214 a multiple of 186?
True
Is 5 a factor of 3925150?
True
Does 3647 divide 906910431?
True
Is 556333 a multiple of 2?
False
Is 8185413 a multiple of 1028?
False
Does 4 divide 31709412?
True
Is 1223 a factor of 179580428?
True
Is 3453902 a multiple of 109?
False
Is 3663 a factor of 34036596?
True
Is 34153204 a multiple of 17?
True
Does 6 divide 15639174?
True
Is 369 a factor of 4770801?
True
Does 7 divide 13419152?
False
Is 2210 a factor of 235572740?
True
Is 164 a factor of 31243245?
False
Is 461921509 a multiple of 7?
True
Does 510 divide 45558555?
False
Does 2 divide 1194479?
False
Is 4247570555 a multiple of 2945?
True
Is 24328459 a multiple of 1597?
False
Does 2722 divide 136986432?
False
Is 37276632 a multiple of 1941?
False
Does 22 divide 136176282?
True
Is 4706954696 a multiple of 2306?
False
Does 31 divide 17682121?
True
Does 20 divide 23124160?
True
Does 175 divide 1713299175?
True
Is 1461089455 a multiple of 317?
True
Is 401 a factor of 842868?
False
Is 946069538 a multiple of 2203?
True
Does 33 divide 650114038?
False
Is 804991698 a multiple of 2298?
True
Is 64426846 a multiple of 22?
True
Does 78 divide 140941025?
False
Is 586380274 a multiple of 133?
False
Is 128860290 a multiple of 3753?
False
Is 306962079 a multiple of 33?
False
Does 935 divide 101715845?
True
Is 526641567 a multiple of 10?
False
Is 122 a factor of 142766721?
False
Does 728 divide 357533577?
False
Is 18 a factor of 769457447?
False
Is 607002 a multiple of 102?
True
Is 96 a factor of 335019689?
False
Is 28 a factor of 914211676?
True
Is 14049 a factor of 2437813564?
False
Is 2730 a factor of 1314692976?
False
Does 62 divide 25771912?
True
Is 127650999 a multiple of 259?
True
Is 148311876 a multiple of 34?
True
Is 189 a factor of 434966327?
False
Is 2442 a factor of 4649659867?
False
Is 10490398 a multiple of 152?
False
Is 44094118 a multiple of 1756?
False
Is 252 a factor of 94913365?
False
Is 4 a factor of 7325907?
False
Is 15 a factor of 142352474?
False
Does 9 divide 43758411?
False
Is 106490860 a multiple of 35?
True
Is 225622080 a multiple of 64?
True
Is 973 a factor of 1537110519?
False
Is 223259585 a multiple of 104?
False
Is 175 a factor of 26468025?
False
Is 76366676 a multiple of 1355?
False
Is 130 a factor of 86644151?
False
Does 478 divide 72550355?
False
Is 150695710 a multiple of 10?
True
Does 4 divide 285432296?
True
Is 631013184 a multiple of 496?
True
Is 58 a factor of 737549924?
True
Is 50 a factor of 1777250?
True
Does 14 divide 6010395234?
False
Is 213171872 a multiple of 3086?
False
Is 319428000 a multiple of 50?
True
Is 493 a factor of 269023198?
True
Is 116295924 a multiple of 17?
False
Does 3 divide 12824267?
False
Is 36 a factor of 13001472?
True
Is 643 a factor of 14981900?
True
Is 371 a factor of 286422212?
False
Is 734473081 a multiple of 90?
False
Is 160 a factor of 69654506?
False
Does 97 divide 3650281436?
False
Is 80957502 a multiple of 87?
True
Is 123 a factor of 21011771?
False
Is 2251571221 a multiple of 76?
False
Does 844 divide 78760425?
False
Does 8 divide 22134800?
True
Does 44 divide 4442228754?
False
Is 5 a factor of 21069774?
False
Is 516 a factor of 648357612?
True
Is 13088860 a multiple of 2209?
False
Does 1076 divide 35255582?
False
Does 61 divide 6177348?
True
Is 5647579 a multiple of 861?
False
Is 34 a factor of 250967464?
True
Is 240970860 a multiple of 1537?
True
Is 18096672 a multiple of 32?
True
Is 113059922 a multiple of 3225?
False
Is 100 a factor of 104124804?
False
Is 11 a factor of 28109433?
True
Does 32 divide 221286593?
False
Is 9 a factor of 300381498?
True
Is 27 a factor of 262575168?
False
Does 20 divide 1414587079?
False
Is 289 a factor of 247253037?
False
Is 7 a factor of 1098256908?
True
Is 525 a factor of 143869939?
False
Is 723166905 a multiple of 43?
True
Does 364 divide 27180484?
False
Does 7172 divide 301416803?
False
Is 13 a factor of 38780922?
False
Does 233 divide 3648702592?
False
Does 44 divide 177721368?
True
Is 274372605 a multiple of 65?
True
Is 11345040 a multiple of 18?
True
Does 25 divide 28730333?
False
Is 121171632 a multiple of 5752?
True
Is 1740 a factor of 294345495?
False
Is 28393144 a multiple of 26?
True
Does 6 divide 4788123?
False
Is 352898220 a multiple of 40?
False
Is 666 a factor of 50243231?
False
Does 556 divide 1361438495?
False
Does 39 divide 87373806?
True
Is 137 a factor of 23718262?
True
Is 68395866 a multiple of 294?
True
Is 888762652 a multiple of 17?
True
Is 520561152 a multiple of 2076?
True
Is 58752144 a multiple of 88?
True
Is 4257 a factor of 44081235?
True
Is 1957251472 a multiple of 1331?
True
Is 36483006 a multiple of 903?
True
Does 2658 divide 1134248549?
False
Is 460 a factor of 813546340?
True
Is 58 a factor of 59566303?
False
Is 3831996 a multiple of 50?
False
Does 32 divide 21152503?
False
Is 860391750 a multiple of 25?
True
Is 256 a factor of 22143744?
True
Does 10 divide 14766507?
False
Is 222649675 a multiple of 25?
True
Is 11 a factor of 312862561?
True
Is 36 a factor of 15097104?
True
Is 95440584 a multiple of 24?
True
Is 57625280 a multiple of 3140?
True
Is 234 a factor of 29086047?
False
Is 49513751 a multiple of 32?
False
Is 106 a factor of 10688722?
True
Is 8286147 a multiple of 57?
True
Is 216 a factor of 232501320?
True
Does 213 divide 282398508?
False
Is 17 a factor of 30657094?
False
Is 4 a factor of 209480928?
True
Does 208 divide 59506753?
False
Does 14 divide 994890246?
True
Does 55 divide 352022660?
True
Does 972 divide 40047372?
True
Is 82770043 a multiple of 1455?
False
Does 1577 divide 991054944?
False
Does 4 divide 13648376?
True
Does 13751 divide 139464839?
False
Does 5135 divide 929049875?
True
Is 6896 a factor of 523716720?
True
Does 31 divide 735271522?
False
Is 294933311 a multiple of 367?
True
Is 36 a factor of 188183304?
True
Does 12 divide 12633478?
False
Does 62 divide 983002870?
True
Is 6113 a factor of 530423576?
False
Is 54 a factor of 492885054?
True
Does 39 divide 394916849?
False
Is 379951495 a multiple of 4235?
True
Does 10 divide 2043253240?
True
Is 289787964 a multiple of 487?
False
Does 77 divide 36747403?
True
Is 1619282130 a multiple of 2278?
True
Does 313 divide 140872849?
True
Is 540582834 a multiple of 5126?
True
Is 21 a factor of 65283955?
False
Does 74 divide 141099278?
True
Is 358812234 a multiple of 918?
True
Is 75694362 a multiple of 3698?
True
Is 51 a factor of 88387488?
True
Does 297 divide 65411602?
False
Is 7644 a factor of 985976172?
False
Is 1566 a factor of 449576861?
False
Does 15 divide 45355307?
False
Does 4119 divide 735381546?
True
Does 60 divide 256176210?
False
Is 22040532 a multiple of 934?
True
Is 22 a factor of 104697978?
True
Is 64607191 a multiple of 